).
3
Let m(p) = 2*p + 11*p**2 + 3 - 13*p**2 + 3*p**2. Give m(-2).
3
Let c be ((-3)/2 - -1)*2. Let y be c/(-4) - 98/(-56). Let u(z) = z - 9*z**y - z**3 + 107 - 52 - 53. Determine u(-9).
-7
Let z(t) be the first derivative of 4*t**2 - 2*t + 429. Determine z(5).
38
Let u(z) = -8052*z**2 + z**3 + 4 + 0*z + 2*z + 8059*z**2. Determine u(-7).
-10
Let u(l) be the first derivative of -1/30*l**5 + 4 - 1/12*l**4 + 0*l + 0*l**2 - 5/3*l**3. Let s(w) be the third derivative of u(w). What is s(3)?
-14
Let h(b) be the second derivative of b**5/10 + b**4/12 + b**3/6 + b**2 + 20*b. Suppose -3*p - 3 = 3. What is h(p)?
-12
Suppose -33*k + 18 = -27*k. Let p(f) be the third derivative of 0 + 7/24*f**4 + 4*f**2 + f**k + 1/60*f**5 + 0*f. Give p(-5).
-4
Let t(f) = f - 1. Suppose -l - 2*h - 4 = -3*l, 4*l - 5*h - 4 = 0. Suppose -9*q = -l*q - 9. What is t(q)?
2
Let i(s) = 3 + 6*s + 5*s - 15*s - 2*s**2 + 0. Suppose 4*a = -a + 10. Determine i(a).
-13
Let w(g) = -g**2 - 2*g + 3*g + 9*g**2. Let u be (93/12 + -8)*4. Determine w(u).
7
Let c(h) = 10*h**2 - 48*h - 2. Let x(a) = -2*a**2 + 2*a + 1. Let v(z) = c(z) + 6*x(z). Calculate v(-18).
4
Let i(p) be the third derivative of -p**6/120 + p**5/10 + 3*p**4/8 - p**3/6 - 9*p**2 + 7*p. Calculate i(7).
13
Let u(i) = i**2 - 3*i - 9. Let c be u(5). Suppose -3*k - 2 = -k. Let l(m) = -2*m - 2. Let q(j) = -1. Let s(h) = k*l(h) + q(h). Give s(c).
3
Let r(w) = -89893*w**3 - 3*w + 89894*w**3 + 2*w + 3. Calculate r(2).
9
Let h(c) = -c**2 + 52*c - 23. Let r be h(52). Let y(l) = -l - 27. Calculate y(r).
-4
Let k(t) = 24*t - 19. Let v(a) = 17*a - 12. Let p(d) = -5*k(d) + 7*v(d). Give p(12).
-1
Let a(p) = 4*p**2 + 2*p + 1. Let r be -8 - 2/((-14)/105*3). Calculate a(r).
31
Let u = -121 - -129. Let q(t) = t**2 - 9*t + 4. Determine q(u).
-4
Let v(y) be the third derivative of 0*y + 1/6*y**3 - 1/24*y**4 + 0 + 7*y**2 - 1/10*y**5. Suppose -4 = -d - 3. Give v(d).
-6
Let j(r) = 6*r**2 - 3. Let f(y) = -2*y**2 + 1. Suppose -5*g - x + 22 = 0, -5*g + 30 = 5*x - 0. Suppose -11 = g*q + 5. Let i(a) = q*j(a) - 11*f(a). Give i(-1).
-1
Let y be 8 - ((-6)/4)/((-3)/4). Let r(m) = y - m**3 + 2*m**3 - 3*m + 2*m - 4*m**2 - 2*m. Calculate r(4).
-6
Let o(r) = 3*r**2 - r - 15. Let m(y) = -4*y**2 + 0 - 3 + 8 + 3*y**2. Let z(i) = -11*m(i) - 4*o(i). Calculate z(4).
5
Let k(b) = 3*b**2 + 2*b + 1. Let x be (-72)/(-54) - (1 + 10/(-6)). Determine k(x).
17
Suppose 32 = 4*a - 2*u, -8 = a + a + 5*u. Let n(y) = -y - 7. Calculate n(a).
-13
Let y(f) = 2*f + 7. Suppose 210 = 14*m + 16*m. Determine y(m).
21
Let v(i) = -i**3 - 5*i**2 - 1. Let l be v(-5). Let h be ((-21)/(-9))/(l/6). Let g = h - -15. Let d(u) = -3*u**3 - u**2. Give d(g).
-4
Let o(m) be the third derivative of -11*m**4/12 - m**3/6 + 46*m**2 + 6. Determine o(1).
-23
Let f(n) be the second derivative of -7*n + 0 - 1/12*n**4 + 3*n**2 - 1/2*n**3. Calculate f(-6).
-12
Suppose -25 = -3*u - 2*u. Let j(z) be the first derivative of z**4/4 - 5*z**3/3 - z**2/2 - 6*z - 24. Give j(u).
-11
Let p(q) be the third derivative of -q**4/24 - 4*q**3/3 - 2*q**2. Let h = 1409 - 1413. Give p(h).
-4
Let s(m) be the second derivative of -m**3/6 - 7*m**2/2 + 3*m - 6. Calculate s(0).
-7
Suppose 0 = 19*d - 2*d - 34. Let t(n) = 131*n**2 + n**3 + 3*n - 65*n**2 - 70*n**2. Determine t(d).
-2
Let o(b) be the third derivative of -b**5/30 - 5*b**3/6 - b**2 + 140. What is o(0)?
-5
Let n = -53 - -75. Let l = -28 + n. Let t(p) = p + 1. Let m(j) = -2. Let f(k) = -2*m(k) + 2*t(k). What is f(l)?
-6
Let d(b) = b + 10. Let v be (12/10)/(4/10). Suppose 2*h + v*c + 9 = -0, -5*h = 3*c. Suppose h*n + 6 = -2*j - 7, 5*j = -2*n - 5. Calculate d(n).
5
Let m(h) = -5*h**2 + 31*h + 3. Let z(t) = -2*t**2 + 10*t + 1. Let k(c) = -3*m(c) + 8*z(c). Give k(-13).
-1
Let y be -3*(-2)/(-4)*2. Let n(b) = 4*b + 18. Let f(h) = -10*h - 44. Let c(k) = -5*f(k) - 12*n(k). What is c(y)?
-2
Let j(p) = -2 + p**3 - 7*p - 140*p**2 + 133*p**2 - 4 - 2*p**3. What is j(-5)?
-21
Suppose 0 = -d - 0*d + 3. Let f(m) = 5*m - 8*m + 7*m - d*m. Calculate f(5).
5
Let z(w) = 2*w**3 - 23*w**2 + 18*w - 20. Let j(m) = -m**3 + 11*m**2 - 8*m + 10. Let i(c) = 7*j(c) + 3*z(c). Determine i(8).
-6
Let y be 62 - (-3)/(3/(-5)). Let x = 65 - y. Let w(c) = -c**3 + 7*c**2 + 10*c - 10. Determine w(x).
6
Let a(f) = 3*f**2 - 5*f**2 + 3*f**2 - 7*f + 0*f**2 - 3. Let j = -43 - -48. What is a(j)?
-13
Let w(z) = -9*z**3 - 12*z**2 - 21*z - 5. Let u(p) = -4*p**3 - 6*p**2 - 10*p - 3. Let o(n) = 7*u(n) - 3*w(n). Determine o(-4).
-10
Suppose -3*y + 10 = -4*b, 4*y + 2 = -5*b + 5. Suppose -5*v - 4*x + 8 + y = 0, 2 = v + 4*x. Let s(a) = 3*a + 12*a**2 - 5 - v*a - 11*a**2 + 3*a. Calculate s(-4).
-5
Let d = -28 - -29. Let t(j) = j**3 - j**2 + j - 2. Let o be t(d). Let n be (o*2)/((-46)/(-69)). Let a(g) = 5*g + 1. Calculate a(n).
-14
Let o(b) = b + 3. Let l be 10/(-6)*2/(12/(-18)). Suppose 2*a + 2 = 3*a. Suppose y - a*y = -i + 1, -l*i - 19 = -y. Give o(y).
-3
Suppose 5*m + 12 = -f, -f - 4*f + 4*m - 2 = 0. Let x = 6 + f. Suppose -6*p = 2 + x. Let q(u) = -3*u**2 - u. Give q(p).
-2
Let z(k) = k**2 - 4. Let v(t) = -t**2 + 2. Let h(w) = -5*v(w) - 2*z(w). Suppose -253*a = -252*a - 2. Calculate h(a).
10
Let z(i) be the second derivative of -47*i + 1/20*i**5 - 1/2*i**4 - 5/2*i**2 + 0 + 1/3*i**3. Calculate z(4).
-29
Suppose 0 = o + 4. Let w(g) = 0*g - 3*g + 5 + 5*g - g + 0*g. Calculate w(o).
1
Let k(g) = -12*g**3 - g**2. Let w be -15 + (-2 + 3 - 2). Let h be -4*4/w*-1. Determine k(h).
11
Let p(y) be the second derivative of y**4/4 + y**2 + y. Let h(d) be the first derivative of p(d). Let g be 24/18*(-3)/(-4)*-1. What is h(g)?
-6
Let f(x) = 2*x - 8. Let q be (-393)/(-36) - (-9)/108. Determine f(q).
14
Let l(o) = -o**3 + 7*o**2 - 2*o + 14. Let f be l(7). Let s(p) = p**2 - 220*p - 4*p**2 + 221*p - p**3 - 15 + 4*p**2. Determine s(f).
-15
Let l = 7 + -11. Let q(m) be the first derivative of -2*m**2 - 6*m + 184. Give q(l).
10
Let l(n) = -n - 9. Let h be l(-13). Suppose 5*c = -2*b + 15, 0*c + h*b - 16 = 4*c. Let t(m) = -8*m**3 - m**2. Calculate t(c).
-9
Let u(y) be the third derivative of y**5/60 + y**4/24 - y**3/3 + 102*y**2. Determine u(-3).
4
Let k(l) = -43*l + 44*l - 3 + 0. Let i = -7 - -10. Determine k(i).
0
Let y(g) = -2718 + 2715 + 3*g - 2*g. Give y(4).
1
Let g(n) = 6*n**3 - 2*n**2 + 1. Let z be ((-18)/(-8))/((-5)/(-20)). Let s be 6/z + 38/(-3). Let w be ((-1)/(4/s))/3. Give g(w).
5
Let z = -285 + 275. Let f(d) = -d**3 - 10*d**2 - d - 10. Determine f(z).
0
Let n(l) be the third derivative of l**4/8 - l**3/3 - 26*l**2. Let b be n(0). Let j(q) = -2*q**2 + 2*q + 3. What is j(b)?
-9
Let f be (-6)/30 - (52/(-10) + -1). Let g(n) = n. Let s(l) = -9*l**3 - 5*l. Let r(w) = f*g(w) + s(w). Let z(h) = -h - 3. Let i be z(-4). Determine r(i).
-8
Let z(m) = 7*m - 22. Let w(b) = 15*b - 44. Let v(d) = -6*w(d) + 13*z(d). Let l be v(0). Let a = l - -18. Let t(i) = -i**3 - 5*i**2 - 3*i - 2. Determine t(a).
-6
Let z(s) = -s**2 + 6*s + 9. Let f be (20*(-12)/(-90))/((-2)/(-6)). Give z(f).
-7
Suppose 0*m = 10*m + 10. Let a(p) = 8*p**3 + 9*p**2 - 5*p - 2. Let t(v) = -12*v**3 - 14*v**2 + 8*v + 3. Let h(s) = 8*a(s) + 5*t(s). What is h(m)?
-3
Let f(b) = -5*b - 4. Let p = -433 - -437. Calculate f(p).
-24
Suppose -3*g + 2*g = -3*n - 6, -5*n + 5*g = 10. Let k be 8/(-12)*(-15)/n. Let s(r) = -11*r + 3 + 3*r + 3*r - r**2 - 9. Determine s(k).
-6
Suppose 2*y - 18 = 3*i, i - 5 = -19*y + 16*y. Let h(u) = -4*u + 4. What is h(y)?
-8
Let x(g) = g**3 + 7*g**2 + 6*g - 5. Let n(z) = z**2 - 50*z + 43. Let t be n(49). What is x(t)?
-5
Let l be 5/(4 + 1 + -4). Let n(b) = -3*b - 8*b - l + 12*b. Give n(3).
-2
Let a(y) = 4*y**2 + 2*y - 1. Let c be (4/16)/((-3)/(-48)*2). Suppose -c*n = 4*v - 16 - 0, 5*v = -n + 23. Give a(n).
11
Suppose -3*p - 12 = 0, 4*g - 5*p = 24 + 4. Let o = -11 + g. Let b be 6/18*o/(-3). Let h(n) = -10*n**2 - n + 1. What is h(b)?
-10
Let v(c) = -c**3 - c - 32. Suppose 11*j + 45 = 45. What is v(j)?
-32
Let x(r) = -2*r - 14. Let v be x(-6). Let a be (v - (-1 + -1))/(-1). Let f(q) = -q**2 + q + 9. Give f(a).
9
Let h = 10 - -1. Let b be (2 - 1)/(h/22). Let i(f) = -3*f**2 + f**2 + 7*f**2 - f + 5*f**b. Give i(1).
9
Let n(u) = u**3 - 6*u**2 - 7*u - 9. Let j be (-9)/(-12) + (-5)/(-20) + 6. What is n(j)?
-9
Let x(a) = 5*a**3 - 7*a**2 - 2. Let d(o) = -22*o**3 + 29*o**2 + 2*o + 7. Let k(